?
True
Let i = 1 - -5. Let x = 12 - i. Is x a composite number?
True
Let n(d) = d + 26. Let t be n(0). Is 3081/t + (-2)/(-4) a composite number?
True
Let h(p) = p**2 - 5*p + 4. Let f be h(4). Suppose 245 = -f*a + 5*a. Is a prime?
False
Let l = 349 - 203. Suppose -l = -3*b + 3*p - 32, 0 = -5*b + 3*p + 188. Is b composite?
False
Let m be 7/(-14)*(-44)/2. Suppose 3*r - m + 5 = 0. Is ((-134)/4)/((-1)/r) a composite number?
False
Suppose 12 - 2 = t. Let b(m) be the first derivative of m**3/3 - 7*m**2/2 - 4*m - 1. Is b(t) composite?
True
Let a(p) = 2*p**3 - 6*p**2 - 5*p + 4. Let z(w) = w**3 + 5*w**2 - 3. Let j be z(-5). Let i be (-16)/j - (-2)/(-6). Is a(i) a prime number?
True
Let i be 1136/10 + (-2)/(-5). Suppose -p + 20 = 3*p. Suppose -2*q = p*r - i, -3*q + 171 = -3*r + 2*r. Is q prime?
False
Let v(y) = -4 - 2*y**2 - 1 + y**2 - 6*y. Let r be (-8)/(-6) + 208/(-39). Is v(r) composite?
False
Let r = -407 + 1042. Is r composite?
True
Let w = 73 - 16. Is w a composite number?
True
Let w(d) = -d**3 + 11*d**2 - 9*d - 22. Is w(9) a prime number?
True
Let o = -35 - -5. Is 1/5 + (-1944)/o composite?
True
Let h(g) = g**3 - 2*g**2. Let n be h(2). Suppose n = -t - 5, 0 = 2*k - 8*t + 3*t - 39. Let q(u) = -u**3 + 8*u**2 - 5*u. Is q(k) a prime number?
False
Let r(q) = 15*q - 56. Is r(18) composite?
True
Is (-1)/(-6) + 685/30 a composite number?
False
Suppose -323 + 68 = -5*z. Is z prime?
False
Let l(n) = 13*n**2 + n - 3. Is l(4) a composite number?
True
Suppose 0 = -5*z + z + 1492. Is z composite?
False
Suppose -14*o = -8*o - 10068. Is o prime?
False
Is (-637)/(-5) + 18/(-45) a composite number?
False
Let q = 1304 - 332. Is (-3)/7 + q/14 a prime number?
False
Let f = 4 + -2. Suppose f*h + 4*n + 50 - 304 = 0, 4*n + 222 = 2*h. Is h composite?
True
Suppose 4*l + p - 1146 = 0, -6*l + l + 1431 = 2*p. Is l a prime number?
False
Suppose 3*h + h - 20 = 0. Suppose 0 = -h*q + 18 + 77. Is q composite?
False
Let x(g) = g + 3. Let k be x(-7). Let t be (-177)/6*(1 + 1). Let p = k - t. Is p composite?
True
Let m(z) = z - 1. Let w(i) = i**2 - 3*i + 9. Let v(g) = -2*m(g) - w(g). Let l(r) = r**2 - r + 6. Let k(y) = 5*l(y) + 4*v(y). Is k(4) a prime number?
False
Let l(m) = 7*m**2 - 12. Suppose -30 = 3*o - 0*o - 5*b, 0 = 2*o - b + 13. Is l(o) a composite number?
False
Let l(a) = a**2 - 2*a - 4. Let p be l(4). Suppose -p*h + 0*h = -860. Is h a composite number?
True
Let j(w) = 7*w - 1. Let t be j(9). Suppose -t = -5*v + 38. Let k = 27 + v. Is k a prime number?
True
Suppose w = 5*o - w - 175, 3*w = -2*o + 51. Suppose -3*s + 195 = o. Is 0 - 2 - (-1 - s) prime?
True
Suppose 5*q = -0*k + 2*k - 10, 5*q = 3*k - 15. Suppose k*m - 5*f = 815, 4*f = -0*f. Is m prime?
True
Let s(m) = m**3 - 7*m**2 + 2*m - 10. Let h be s(7). Suppose -2*n + 4*j = 156, -j = -h*n + 3*n - 76. Let x = 39 - n. Is x composite?
False
Let l be 8 + -1 - 2*1. Suppose 0 = 2*m + 3*m - 4*y - 466, 2*m = -l*y + 193. Is m a composite number?
True
Let m be (4/(-6))/((-5)/(-45)). Is 795/9 + m/(-9) composite?
False
Suppose 3*t - 2*u - 4 + 12 = 0, 2*t + 3 = -u. Let j = t - -4. Suppose -j*a = -4*a + 70. Is a a composite number?
True
Let a(q) = q**3 + 7*q**2 - 9*q + 5. Let b be a(-8). Is (b - -1)*(-6)/(-4) a composite number?
True
Let a = 4 - 2. Let y(r) = 0*r + 215 + r - a*r. Is y(0) composite?
True
Suppose -2*d - 3*a - 18 = 0, 0 = 2*a - 7*a - 10. Let t be (-2 + 1)/(d/18). Is 6/t*19/2 prime?
True
Let h be -1 + 3 - 1 - -4. Suppose h*o - 161 - 1104 = 0. Is o a prime number?
False
Let m = 1574 - 1033. Is m prime?
True
Suppose 262 = 3*o - 539. Is o a composite number?
True
Is (-761)/(-2 + -1 + 2) a prime number?
True
Suppose t = 1 + 4, 0 = 5*k + 5*t - 330. Let j be (-15)/(-6) - 3/(-6). Suppose 608 + k = j*l. Is l a composite number?
False
Suppose l - 4 - 2 = -h, -l = -4*h + 9. Suppose -5*t + h*p - 5*p + 346 = 0, p + 201 = 3*t. Suppose 5*n - t = 2*d, -4*n + 32 + 23 = -d. Is n a composite number?
True
Suppose 0 = 2*h + 2*h. Let j = h - -3. Suppose -t - 166 = -j*t. Is t prime?
True
Let q be 84/16 - 2/8. Let f be (-42)/(-15) - (-1)/q. Suppose 0 = -5*t + f*i + 124, 2*i + 0*i = 4. Is t prime?
False
Suppose 4*n = 136 - 1020. Let f = 598 + n. Is f a composite number?
True
Suppose -4*t + 4*g + 3660 = 0, g = -4*t - 2*g + 3660. Suppose -3*y + 144 = -t. Suppose 6*w = 5*x + w - 595, -3*x + y = -5*w. Is x a prime number?
False
Suppose 5189 = -4*i - m + 19565, -17983 = -5*i + 2*m. Is i a prime number?
False
Suppose 1454 = m + 93. Is m composite?
False
Suppose 4*n + 4 = 8*n. Let b = 10 + -6. Suppose -4*p - 33 - n = -2*i, -42 = -b*i - 5*p. Is i prime?
True
Let u be (-1)/(4/(-6))*2. Suppose u*y - 177 = 3*m + 111, -168 = -2*y - 4*m. Suppose y = 5*k - 73. Is k a composite number?
True
Suppose -3 - 1 = 4*z. Let x(s) = s**3 - 2*s**2 - 2*s - 1. Let n be x(3). Is 16 + 0 + n - z a prime number?
True
Suppose 3*p = -0*p + 18. Is p a composite number?
True
Suppose m - 2*m = -3. Suppose -348 = -5*n - m*d + 1307, 0 = -5*n - 4*d + 1655. Is n a prime number?
True
Suppose m - 2202 - 1045 = -4*s, -2*m = -5*s + 4075. Is s a prime number?
False
Suppose -4*r + 3*r - 1 = b, -4*b - 2*r = -2. Let l be (0/(1*-2))/b. Suppose l = 3*a - 3 + 12, -5*c + 3*a + 184 = 0. Is c composite?
True
Let m(a) = -a**2 + 10*a + 5. Let y be m(10). Suppose 3*x - 1700 = -y*p, -5*p + 6*x - 3*x + 1730 = 0. Let r = p - 180. Is r composite?
False
Suppose 0*p - 2*p - 184 = 0. Let m be p/(-12) + (-4)/6. Let g = m + 2. Is g composite?
True
Suppose 3*b + 4*q = -17, 11 = b - q - q. Let g be (2 - b) + 76 - 0. Suppose 3*y - 4*y = -g. Is y composite?
True
Suppose -3*o + 62 = -4*s, 2*o + 2*s = -2*s + 48. Let t = 10 - o. Let r = t + 91. Is r composite?
False
Suppose -5*d = -0*d. Suppose 4*q = -5*u + 27, 3*q = -d*u + 4*u - 3. Suppose -j - 4*j = 5*h - 255, -151 = -u*j - 4*h. Is j a composite number?
False
Suppose 0 = -2*d + 2*s + 382, -7*d = -2*d - 2*s - 955. Is d a composite number?
False
Let r be (2 + -3 - 2)*-1. Suppose -s - 198 = -3*b, -b - 2*s + r*s = -64. Is b prime?
True
Suppose -5*k = 2*p - 8, -4*k - 4*p + 2 + 2 = 0. Is (k/2)/(2/158) a prime number?
True
Suppose -4*p = -3*o - 1120, -2*p - 5*o = -160 - 374. Is p a prime number?
True
Suppose -4*j - 10 - 22 = 0. Let r = j + 12. Suppose -r*x = -162 - 70. Is x composite?
True
Is (-7)/(35/(-20)) - -2317 prime?
False
Let t(g) = 95*g**2 + 2*g - 1. Let u be t(1). Let y = -196 + 135. Let f = u + y. Is f composite?
True
Let v be -14*(-4 + 8) + 0. Let t = -37 - v. Is t a composite number?
False
Suppose 5*x = 5*i - 315, 0*x - 75 = -i + 4*x. Is i prime?
True
Is 28/21 + 320/3 + -2 a composite number?
True
Let t = 131 - 35. Suppose -2*v = 34 + 40. Let k = t + v. Is k a prime number?
True
Suppose -3*a - 46 = -2*i + a, -i - 5*a + 16 = 0. Is i a prime number?
False
Let h(x) be the first derivative of x**3/3 - x**2/2 - 7*x + 3. Is h(-6) a composite number?
True
Let w(b) = -31*b + 11. Let c be w(-9). Is 4*(c/(-4))/(-5) prime?
False
Let g(o) be the third derivative of -3/8*o**4 + 1/120*o**6 + 0*o + 0 + 0*o**3 - 1/12*o**5 - 3*o**2. Is g(7) a composite number?
True
Suppose z + 4*w - 46 = 11, -3*w + 15 = 0. Is z a composite number?
False
Suppose 4*p = 2*p + 734. Is p a prime number?
True
Let k(y) = -1 + 6*y + 4*y**2 - 2*y**2 + y**2 - 4*y. Is k(4) prime?
False
Let q(f) = 2*f**2 - 11*f. Let w be q(5). Let o = -175 + 270. Is (o/(-3))/(w/15) a composite number?
True
Let r be 1/(-3 - (1 - 5)). Is (-3 + 134)/r - 4 prime?
True
Let a(k) = 39*k**2 + k + 3. Is a(2) a prime number?
False
Let y = -39 + 116. Suppose -3*b + 230 = y. Is b composite?
True
Let g(l) = -5*l + 2*l + 12*l + 5*l**2 + 9. Is g(7) prime?
True
Let y = -26 + 18. Let m(a) = a**2 + 14*a + 8. Let d be m(y). Let f = 13 - d. Is f composite?
False
Suppose -235 = -0*f + 2*f - 3*v, -20 = 4*v. Let b = f + 222. Is b a composite number?
False
Let r(n) = n**3 + 9*n**2 + 7*n - 9. Let g be r(-8). Let u be 2*g*(2 + -3). Is 262*(-3 + 7/u) composite?
False
Suppose -6*p + 3*p = -6. Suppose -p*g - 3*g = -25. Let v = g + 2. Is v prime?
True
Let v be (0/1)/(5 - 3). Suppose v = 4*p - 100 + 12. Is p composite?
True
Suppose 1776 = 4*n - 4*w, w - 80 = 5*n - 2296. Is n a prime number?
True
Let h be 88/3 + 10/15. Let o = h - -57. Is o composite?
True
Let z be ((-471)/9)/(2/(-6)). Let v = z + -110. Is v + -1 + 1 + 0 a prime number?
True
Suppose -